-4916 + 4952. Let i = 184 + -88. Calculate the greatest common divisor of i and x.
12
Suppose 5*l + r - 4073 = 651, -4*r - 24 = 0. What is the highest common divisor of l and 88?
22
Suppose 14*q + 1380 + 20 = 0. Let g = q - 141. Let p be (-3 + 2)*-2 - g. Calculate the greatest common divisor of 27 and p.
27
Let u = -2087 - -2203. What is the greatest common divisor of 360 and u?
4
Suppose 4*q + 139*l - 35788 = 142*l, -3*q - 2*l = -26858. Calculate the highest common divisor of 50 and q.
50
Let k = 12 - 2. Let i = 2603 - 2563. Calculate the highest common factor of k and i.
10
Let q = 89 - 80. Suppose 0 = -3*j + q. Let o be j*(-1 + 291/9) - -1. What is the highest common divisor of o and 19?
19
Let q = 393 - 384. What is the highest common factor of 12 and q?
3
Suppose -3*c + h = -5, 11*c - h - 5 = 13*c. Let z be (c + -2)/(77/6 + -13). What is the greatest common divisor of 42 and z?
6
Suppose 4 = u + 7, 0 = t - 4*u - 133. Let p be (-1)/(3/6) + 36/9. Let g be (-14 - -3)*(1 - p). Calculate the highest common divisor of g and t.
11
Suppose -3*j + 763 = 199. Let o = j - 152. Calculate the highest common divisor of 228 and o.
12
Suppose -25 = -2*f + 75. Suppose f*o - 1040 = 45*o. What is the greatest common divisor of 16 and o?
16
Let g = -6942 - -13713. Calculate the highest common divisor of g and 366.
183
Let o(w) = 15*w + 1. Let n be o(-3). Suppose 5*g - 4*p - 261 = 0, -13*g + 10*g + 5*p + 154 = 0. Let c = g + n. Calculate the highest common factor of 99 and c.
9
Let f = -34 + 53. Suppose -5*k - 2260 = -5*r, k + 582 = 4*r - 1214. Let i = r + -372. What is the highest common divisor of f and i?
19
Let i(c) = c**3 + 45*c**2 - 42*c - 1879. Let m be i(-45). What is the highest common factor of 11000 and m?
11
Suppose -653*n + 1128*n = 704*n - 34350. Let h be ((-2)/(-2))/((-2)/(-20)). What is the greatest common divisor of n and h?
10
Suppose 4*w - 28 = 0, 46*w - 44*w = 3*s - 52. What is the highest common factor of 7634 and s?
22
Suppose -5*r = 4*s - 4738, 0 = -16*s + 12*s - 12. What is the greatest common factor of r and 76?
38
Let k(l) be the first derivative of -l**4/4 - 3*l**3 - 3*l**2 - 45*l + 34. Let m be k(-9). What is the highest common factor of 9 and m?
9
Let i = 1269 - 1220. Let k(s) = 33*s - 2. Let r be k(6). What is the greatest common divisor of r and i?
49
Let s = -17598 - -19604. What is the greatest common factor of s and 102?
34
Let q = 3636 - 3328. Calculate the greatest common divisor of 231 and q.
77
Let h = 475 + -412. Calculate the greatest common factor of h and 1008.
63
Let h be ((-160)/(-36))/((-2)/(-36)). What is the highest common factor of 5 and h?
5
Suppose 25 = -5*c, 605*m + 344 = 608*m + 2*c. Calculate the greatest common factor of 4 and m.
2
Let z(q) be the third derivative of -1/3*q**3 + 29*q**2 + 7/8*q**4 + 0 + 0*q. Let g be z(2). Calculate the greatest common divisor of 8 and g.
8
Let o(w) = -205*w - 934. Let s be o(-25). What is the highest common factor of s and 33?
33
Let h(j) = -j**3 - 32*j**2 - 85*j + 82. Let z be h(-29). Calculate the highest common divisor of z and 4408.
8
Let v(m) = m**2 - 50*m - 10486. Let k be v(-94). What is the highest common factor of k and 150?
50
Suppose 2*p - 39 = 4*w - 19, 2*w = 4*p - 28. Suppose m - 6 = f - 3*m, 5*m = -f + 39. Calculate the highest common factor of p and f.
2
Let g = 86 - 84. Let x be -3 + (-1128)/(0 - g). Let i be (x/(-34))/((-2)/8). What is the highest common divisor of 88 and i?
22
Let h(r) = 19*r. Let i be h(6). Let v(j) = -640*j - 74481. Let t be v(-117). Calculate the greatest common factor of i and t.
57
Suppose 3850 = 127*a - 50*a. Let d(c) = -c**3 - 9*c**2 + 7*c - 10. Let k be d(-10). Calculate the highest common divisor of k and a.
10
Let g(o) = -28*o + 3416. Let v be g(66). Calculate the greatest common divisor of 44 and v.
4
Let v = -137 + 94. Let q be (5 + v)*(-5)/(-2). Let z = 125 + q. What is the greatest common divisor of 20 and z?
10
Let t(s) = -8*s + 36. Let p be t(5). Let f be (798/(-12) - 0)/(p/24). Calculate the highest common factor of 57 and f.
57
Let z(p) = -11*p - 3. Let t be z(-2). Let a be ((-12)/(-21))/2 - 2132/14. Let o be a*(4*1 - (-18 + 23)). What is the highest common factor of o and t?
19
Let q = -91 + 2046. Let u = q + -1150. What is the highest common factor of 35 and u?
35
Suppose -6 = -2*z + 54. Calculate the highest common factor of 13470 and z.
30
Let g be ((-64)/(-40) - 2) + 1614/10. Let p = g + -160. What is the highest common factor of 47 and p?
1
Let u(t) = -43*t - 91. Let a be u(-7). Suppose -j = 2*j, -5*q + a = -3*j. What is the highest common factor of 18 and q?
6
Let d be -2*(-38842)/4 - (-9 + 8). Calculate the highest common factor of d and 13.
13
Let p = 5246 - 648. What is the greatest common factor of 57 and p?
19
Suppose y = -3*y. Let i be (-4)/(2/(-34) + y). Let g(z) = 2*z**2 - 20*z + 65. Let r be g(6). Calculate the greatest common divisor of r and i.
17
Let h(o) = -o**2 - 47*o - 399. Let c be h(-33). Calculate the greatest common divisor of c and 336.
21
Let u = -2086 - -2102. Let k = -488 - -888. Calculate the greatest common divisor of u and k.
16
Suppose -50*n + 46*n = -8. Suppose -4*v = r - 112, -n*v + 3 = v. What is the highest common divisor of r and 144?
36
Let f be 24/9*(-14 - (-13360)/2). What is the greatest common factor of f and 202?
202
Let n(w) = -w**2 - 21*w + 2. Let c = -454 - -437. Let q be n(c). Calculate the highest common divisor of q and 42.
14
Let j be 1*((-1656)/(-9) + -9). Suppose 180*h = 179*h + j. Calculate the greatest common divisor of h and 5.
5
Suppose -a + 2*o = -11*o - 53, 3*a - 4*o = 404. Let b(n) = n**2 - 34. Let m be b(0). Let j = m - -50. Calculate the highest common divisor of j and a.
16
Suppose 0 = -3*u - 12*h + 8*h + 359, -4*u + 458 = -5*h. Let b = 2 + 7. What is the highest common divisor of u and b?
9
Let h = 5473 - 4487. Calculate the greatest common divisor of h and 374.
34
Suppose 272 + 165 = -2*k - 5*f, -3*k + 5*f - 618 = 0. Let l = -201 - k. Calculate the greatest common divisor of 80 and l.
10
Suppose 0 = 5*h + 53 - 678. Suppose 0 = -q - 21 - 24. Let w = h + q. What is the greatest common factor of w and 10?
10
Let y be ((-70)/6)/(2/(-18)). Suppose 15*u - 234 = 2*u. Suppose 16*l - u*l + 3*p = -45, -70 = -2*l - 2*p. Calculate the greatest common divisor of l and y.
15
Let p be ((-400)/(-160) - 5/2) + 1817. Calculate the greatest common divisor of p and 2528.
79
Let j = -2379 + 2498. Suppose -p = -10 - 7. What is the greatest common divisor of p and j?
17
Let l(t) = 8 - 8 + 6 - 8*t. Let j be l(-2). What is the highest common divisor of 286 and j?
22
Let k(o) = -o**2 - 14*o + 1103. Let r be k(-37). What is the greatest common factor of 342 and r?
18
Let y = 81 - 130. Let s = y - -49. Let g be 37 - ((2 - s) + -1). What is the highest common factor of g and 54?
18
Let b be 4229 + (3 - (-11 + 7)). Let d = -2760 + b. Calculate the greatest common divisor of d and 36.
36
Let m = 1805 - 536. Let t be -15 - -10 - (-62)/14 - (-1332)/28. Calculate the greatest common divisor of t and m.
47
Let z = 1368 - 855. Suppose -7*i = 12*i - z. Let o be (-1)/2*-3*12. Calculate the greatest common factor of i and o.
9
Suppose -33*u = -36*u - 6. Let n be (0 - u/(-2))*-5. Suppose 2*o - 7 = n. What is the greatest common divisor of 2 and o?
2
Let t(c) be the first derivative of c**4/4 - 13*c**3/3 + 18*c**2 - 20*c - 33. Let b be t(10). What is the highest common factor of 10 and b?
10
Let f be 4828/(-52) + 6/(-39). Let n = f + 71. Let u = 29 + n. What is the greatest common divisor of u and 21?
7
Let p(q) = 3*q**3 + 21*q**2 + 10*q + 15. Let o be p(-5). What is the highest common divisor of 69 and o?
23
Let p(t) be the third derivative of t**4/2 + 5*t**3/2 + 28*t**2 - 3. Let d be p(-1). What is the highest common divisor of 1 and d?
1
Let s = -33299 - -33323. What is the highest common divisor of s and 666?
6
Suppose x - 2*a = -8, -21 = 2*x - 3*a - 10. Suppose -4*c + 4*n = -529 + 165, 182 = x*c + n. What is the greatest common factor of c and 26?
13
Let m(i) = -i**2 - 142*i - 1839. Let f be m(-125). What is the greatest common factor of 319 and f?
11
Let y(p) = 12*p + 12*p - 22*p - 10. Let i be y(6). Suppose 3*n + i*k = 41, 0 = -0*k + 3*k - 3. What is the greatest common divisor of 13